 factor of 1 and 2.
1
What is the greatest common factor of 972 and 4?
4
What is the highest common factor of 55 and 7645?
55
What is the greatest common divisor of 1179 and 131?
131
What is the greatest common factor of 527 and 124?
31
Calculate the highest common factor of 664 and 747.
83
Calculate the greatest common divisor of 899 and 31.
31
What is the greatest common divisor of 1428 and 252?
84
Calculate the greatest common factor of 72 and 72.
72
Calculate the greatest common factor of 294 and 408.
6
What is the greatest common divisor of 77 and 33?
11
What is the highest common divisor of 16 and 136?
8
Calculate the greatest common divisor of 2430 and 1260.
90
Calculate the greatest common factor of 4153 and 1.
1
What is the greatest common factor of 53 and 14?
1
Calculate the highest common factor of 1210 and 66.
22
What is the greatest common divisor of 34 and 153?
17
What is the greatest common factor of 333 and 27?
9
Calculate the greatest common factor of 3725 and 1788.
149
Calculate the greatest common factor of 10 and 430.
10
Calculate the greatest common factor of 24 and 9.
3
What is the greatest common divisor of 2 and 23?
1
What is the highest common factor of 144 and 504?
72
What is the greatest common factor of 133 and 11704?
133
What is the highest common factor of 9 and 1299?
3
What is the greatest common divisor of 27 and 4?
1
What is the highest common divisor of 111 and 148?
37
Calculate the greatest common divisor of 550 and 8470.
110
Calculate the highest common divisor of 2197 and 91.
13
Calculate the greatest common factor of 54 and 3474.
18
Calculate the greatest common factor of 2369 and 115.
23
What is the highest common divisor of 7 and 9569?
7
Calculate the greatest common factor of 80 and 1520.
80
Calculate the greatest common divisor of 2640 and 144.
48
What is the greatest common factor of 7535 and 10?
5
What is the highest common factor of 3743 and 4531?
197
Calculate the highest common factor of 1 and 4.
1
What is the highest common factor of 10305 and 9?
9
Calculate the greatest common factor of 14 and 4886.
14
What is the greatest common factor of 14 and 553?
7
What is the highest common divisor of 792 and 504?
72
What is the highest common divisor of 66 and 15532?
22
What is the highest common divisor of 45 and 27?
9
What is the greatest common divisor of 138 and 3657?
69
What is the highest common divisor of 1880 and 20?
20
What is the highest common divisor of 22 and 594?
22
Calculate the greatest common factor of 2257 and 37.
37
Calculate the highest common divisor of 42 and 2541.
21
Calculate the highest common divisor of 25 and 580.
5
Calculate the greatest common divisor of 4 and 2.
2
Calculate the highest common factor of 815 and 489.
163
What is the greatest common divisor of 153 and 18?
9
What is the highest common factor of 21 and 3129?
21
What is the greatest common divisor of 9 and 885?
3
Calculate the highest common factor of 136 and 8.
8
Calculate the greatest common factor of 815 and 55.
5
Calculate the greatest common factor of 10 and 1910.
10
Calculate the highest common divisor of 10 and 21970.
10
What is the highest common divisor of 40 and 1580?
20
What is the greatest common divisor of 14 and 63?
7
Calculate the highest common factor of 70 and 259.
7
What is the highest common factor of 5644 and 17?
17
What is the greatest common factor of 33 and 2519?
11
Calculate the greatest common divisor of 374 and 198.
22
Calculate the greatest common divisor of 98 and 1176.
98
Calculate the greatest common divisor of 145 and 5.
5
What is the highest common factor of 1168 and 24?
8
Calculate the greatest common divisor of 3 and 37.
1
Calculate the greatest common factor of 1380 and 24.
12
Calculate the greatest common divisor of 67 and 3819.
67
Calculate the highest common divisor of 8 and 212.
4
Calculate the greatest common factor of 80 and 20920.
40
Calculate the highest common divisor of 34 and 527.
17
Calculate the highest common divisor of 13520 and 15.
5
Calculate the highest common factor of 1885 and 130.
65
Calculate the highest common factor of 40 and 10.
10
Calculate the greatest common factor of 18 and 60678.
18
Calculate the highest common factor of 30 and 615.
15
What is the highest common factor of 61 and 15250?
61
What is the highest common factor of 22 and 3278?
22
What is the greatest common divisor of 35 and 2086?
7
Calculate the greatest common factor of 22 and 143.
11
What is the highest common factor of 150 and 75?
75
Calculate the greatest common factor of 1422 and 72.
18
What is the greatest common factor of 22007 and 59?
59
Calculate the highest common divisor of 38 and 1102.
38
What is the greatest common divisor of 19470 and 20?
10
Calculate the highest common factor of 21 and 61.
1
What is the highest common divisor of 76 and 16568?
76
What is the highest common divisor of 292 and 20?
4
What is the greatest common factor of 12 and 636?
12
Calculate the highest common divisor of 45 and 465.
15
What is the greatest common factor of 220 and 43670?
110
Calculate the greatest common factor of 5 and 25.
5
What is the greatest common factor of 14 and 20342?
14
What is the highest common divisor of 203 and 58?
29
Calculate the highest common divisor of 1027 and 13.
13
What is the greatest common factor of 6 and 22?
2
What is the greatest common factor of 2 and 716?
2
What is the highest common factor of 198 and 2277?
99
Calculate the highest common factor of 153 and 119.
17
What is the highest common factor of 6290 and 30?
10
Calculate the highest common factor of 155 and 124.
31
Calculate the greatest common factor of 5635 and 10.
5
What is the highest common divisor of 25 and 6925?
25
Calculate the highest common divisor of 187 and 663.
17
Calculate the highest common divisor of 1334 and 290.
58
What is the greatest common factor of 306 and 3434?
34
What is the greatest common divisor of 103 and 515?
103
Calculate the greatest common factor of 60 and 1410.
30
Calculate the highest common divisor of 76 and 57.
19
What is the greatest common divisor of 955 and 185?
5
What is the highest common divisor of 4 and 7036?
4
What is the greatest common factor of 2457 and 7?
7
Calculate the highest common divisor of 182 and 2457.
91
Calculate the highest common divisor of 2835 and 1575.
315
What is the greatest common factor of 31 and 4?
1
What is the greatest common divisor of 21 and 539?
7
Calculate the greatest common divisor of 7 and 63.
7
What is the greatest common divisor of 1419 and 44?
11
What is the greatest common factor of 76 and 16?
4
What is the greatest common divisor of 350 and 112?
14
What is the highest common divisor of 156 and 416?
52
What is the greatest common factor of 25 and 475?
25
What is the highest common divisor of 16 and 20?
4
Calculate the highest common factor of 714 and 2958.
102
Calculate the highest common factor of 1404 and 52.
52
Calculate the highest common factor of 75 and 2055.
15
What is the greatest common divisor of 1353 and 33?
33
Calculate the greatest common factor of 36 and 8.
4
What is the greatest common factor of 171 and 532?
19
Calculate the greatest common divisor of 94 and 22.
2
What is the highest common divisor of 442 and 208?
26
Calculate the greatest common factor of 124 and 8587.
31
Calculate the greatest common factor of 57 and 10887.
57
What is the greatest common factor of 36 and 333?
9
What is the highest common factor of 3507 and 21?
21
Calculate the greatest common factor of 135 and 765.
45
What is the greatest common divisor of 66 and 726?
66
Calculate the highest common factor of 4434 and 30.
6
Calculate the greatest common divisor of 93 and 651.
93
Calculate the highest common divisor of 63 and 81.
9
Calculate the greatest common factor of 3807 and 27.
27
Calculate the greatest common factor of 78 and 130.
26
What is the greatest common factor of 53 and 742?
53
Calculate the greatest common divisor of 228 and 636.
12
Calculate the greatest common divisor of 2560 and 136.
8
Calculate the greatest common factor of 12 and 3228.
12
Calculate the highest common factor of 590 and 50.
10
Calculate the greatest common factor of 3 and 7.
1
Calculate the highest common divisor of 323 and 51.
17
Calculate the greatest co